{"id":150,"date":"2019-10-25T21:53:40","date_gmt":"2019-10-25T19:53:40","guid":{"rendered":"http:\/\/neuehomepage.skiverein-luetzel.de\/?page_id=150"},"modified":"2020-07-17T00:12:14","modified_gmt":"2020-07-16T22:12:14","slug":"der-verein","status":"publish","type":"page","link":"https:\/\/www.skiverein-luetzel.de\/?page_id=150","title":{"rendered":"Der Verein"},"content":{"rendered":"\t\t<div data-elementor-type=\"wp-page\" data-elementor-id=\"150\" class=\"elementor elementor-150\">\n\t\t\t\t\t\t<section class=\"elementor-section elementor-top-section elementor-element elementor-element-3780027 elementor-section-boxed elementor-section-height-default elementor-section-height-default\" data-id=\"3780027\" data-element_type=\"section\">\n\t\t\t\t\t\t<div class=\"elementor-container elementor-column-gap-default\">\n\t\t\t\t\t<div class=\"elementor-column elementor-col-100 elementor-top-column elementor-element elementor-element-77533b5\" data-id=\"77533b5\" data-element_type=\"column\">\n\t\t\t<div class=\"elementor-widget-wrap elementor-element-populated\">\n\t\t\t\t\t\t<div class=\"elementor-element elementor-element-57dcca2 elementor-widget elementor-widget-heading\" data-id=\"57dcca2\" data-element_type=\"widget\" data-widget_type=\"heading.default\">\n\t\t\t\t<div class=\"elementor-widget-container\">\n\t\t\t<h2 class=\"elementor-heading-title elementor-size-default\">Der Verein<\/h2>\t\t<\/div>\n\t\t\t\t<\/div>\n\t\t\t\t\t<\/div>\n\t\t<\/div>\n\t\t\t\t\t<\/div>\n\t\t<\/section>\n\t\t\t\t<section class=\"elementor-section elementor-top-section elementor-element elementor-element-7797dd6 elementor-section-boxed elementor-section-height-default elementor-section-height-default\" data-id=\"7797dd6\" data-element_type=\"section\">\n\t\t\t\t\t\t<div class=\"elementor-container elementor-column-gap-default\">\n\t\t\t\t\t<div class=\"elementor-column elementor-col-100 elementor-top-column elementor-element elementor-element-9cb62d4\" data-id=\"9cb62d4\" data-element_type=\"column\">\n\t\t\t<div class=\"elementor-widget-wrap elementor-element-populated\">\n\t\t\t\t\t\t<div class=\"elementor-element elementor-element-7579073 elementor-widget elementor-widget-text-editor\" data-id=\"7579073\" data-element_type=\"widget\" data-widget_type=\"text-editor.default\">\n\t\t\t\t<div class=\"elementor-widget-container\">\n\t\t\t\t\t\t\t<p>Den Skiverein L\u00fctzel e.V. gibt es seit 1952 und wir haben derzeit 340 Mitglieder. Wir sind nicht nur im Winter am Start, wie der Name vermuten lassen k\u00f6nnte, wir sind das ganze Jahr \u00fcber aktiv, in verschiedenen Sportarten und mit verschiedenen Aktionen.<\/p><p>Au\u00dfer Alpin und Langlauf im Winter gibt es in den schneearmen Monaten noch Rollski, Fu\u00dfball, Nordic Walking u.\u202fv.\u202fm.. Au\u00dferdem haben wir noch einen Badeweiher am Ortsrand von L\u00fctzel, in dem Mitglieder kostenfrei baden k\u00f6nnen. Im Rahmen des F\u00f6rderprogramms &#8220;Bewegt \u00e4lter werden in NRW&#8221; des Landsportbunds vom Westdeutscher Skiverband gibt es zahlreiche und spannende Aktionen das ganze Jahr \u00fcber.<\/p>\t\t\t\t\t\t<\/div>\n\t\t\t\t<\/div>\n\t\t\t\t\t<\/div>\n\t\t<\/div>\n\t\t\t\t\t<\/div>\n\t\t<\/section>\n\t\t\t\t<\/div>\n\t\t","protected":false},"excerpt":{"rendered":"<p>Der Verein Den Skiverein L\u00fctzel e.V. gibt es seit 1952 und wir haben derzeit 340 Mitglieder. Wir sind nicht nur<\/p>\n","protected":false},"author":1,"featured_media":0,"parent":0,"menu_order":0,"comment_status":"closed","ping_status":"closed","template":"","meta":{"footnotes":""},"class_list":["post-150","page","type-page","status-publish","hentry"],"_links":{"self":[{"href":"https:\/\/www.skiverein-luetzel.de\/index.php?rest_route=\/wp\/v2\/pages\/150","targetHints":{"allow":["GET"]}}],"collection":[{"href":"https:\/\/www.skiverein-luetzel.de\/index.php?rest_route=\/wp\/v2\/pages"}],"about":[{"href":"https:\/\/www.skiverein-luetzel.de\/index.php?rest_route=\/wp\/v2\/types\/page"}],"author":[{"embeddable":true,"href":"https:\/\/www.skiverein-luetzel.de\/index.php?rest_route=\/wp\/v2\/users\/1"}],"replies":[{"embeddable":true,"href":"https:\/\/www.skiverein-luetzel.de\/index.php?rest_route=%2Fwp%2Fv2%2Fcomments&post=150"}],"version-history":[{"count":0,"href":"https:\/\/www.skiverein-luetzel.de\/index.php?rest_route=\/wp\/v2\/pages\/150\/revisions"}],"wp:attachment":[{"href":"https:\/\/www.skiverein-luetzel.de\/index.php?rest_route=%2Fwp%2Fv2%2Fmedia&parent=150"}],"curies":[{"name":"wp","href":"https:\/\/api.w.org\/{rel}","templated":true}]}}